mon factor of s and 3712?
16
Let r(f) = 20*f**3 - f**2 - 819*f + 820. Let b be r(1). What is the highest common divisor of b and 1292?
4
Suppose 5*o - 2*f - 1684 = 0, 15*o - 58*f = -57*f + 5092. Calculate the highest common factor of 660 and o.
20
Suppose -30*s = 31*s - 385284 - 59223. Calculate the highest common divisor of 21 and s.
21
Suppose -5*b - 2592 = -2*z, 0 = 5*b - z + 1410 + 1186. Let v be (-7 - -2)*b/(-25). Let p be 10/50 - v/5. What is the highest common divisor of p and 147?
21
Let m = -274 + 247. Let a be (-2)/4*54/m. What is the greatest common divisor of 31 and a?
1
Let u = -33082 + 33199. What is the greatest common divisor of 747 and u?
9
Suppose -546*c - 16478 = -560*c. Calculate the highest common divisor of 77 and c.
11
Let z(a) = -4*a**2 + 2*a - 2. Let k be z(3). Let c = -30 - k. Let o = c + 6. Calculate the greatest common factor of 72 and o.
8
Suppose 0 = 5*s + 7*n - 10*n - 30317, 12131 = 2*s + 3*n. What is the greatest common divisor of s and 8?
8
Suppose -615*g = -587*g - 141960. Calculate the greatest common factor of 50 and g.
10
Let f be ((-16)/(-3))/(114/3933). What is the greatest common factor of f and 414?
46
Let y be (-28 - 2)/(6/(-14) + (-273)/(-5096)). Let x(u) = -u**2 - 9*u - 4. Let a be x(-7). Calculate the greatest common factor of y and a.
10
Let f = -4746 + 4749. What is the highest common factor of f and 16719?
3
Suppose g + 4*c - 1068 = -4*g, 5*g - c - 1058 = 0. Suppose i - g = -3*i. Let w = 68 - i. What is the highest common divisor of w and 120?
15
Let a = -1727 - -1753. Calculate the highest common divisor of a and 1846.
26
Let p = -24072 + 25408. Calculate the greatest common factor of p and 48.
8
Let c(z) = -z**2 - 24*z - 76. Let s be c(-8). What is the highest common factor of 546 and s?
26
Suppose h + 1 - 9 = 0. Let u(x) = 8*x. Let r(p) = 2*p - 13. Let f be r(7). Let v be u(f). What is the highest common divisor of h and v?
8
Suppose -2*n + 157 = -767. Suppose -3*r = 5*o - 100, o + 164*r = 167*r - 16. Calculate the greatest common divisor of o and n.
14
Let b be 2308/8 + 12*8/(-64). What is the highest common divisor of b and 63?
7
Suppose -44 = 17545*n - 17546*n. Suppose 13 = -5*w + 4*w. Let b = 24 + w. Calculate the highest common divisor of b and n.
11
Let k be 110/(-9*2/(-81)). What is the highest common factor of k and 225?
45
Let n be (74/6)/((-1)/(-3)). Let l be -3 + 5/(35/91). Let j = n - l. What is the greatest common divisor of j and 18?
9
Let q be -1 + -1 + (35 - (-12)/2). Let x = -7 + q. What is the greatest common factor of 16 and x?
16
Let a(f) = -f**2 - 22*f - 97. Let h be 1*(0 + 3) - (0 + 18). Let m be a(h). Suppose 0 = 4*l - 4 - 0. Calculate the highest common divisor of l and m.
1
Let q be (2 + -5)/((-3)/10). Let b be (-72)/10*q/(-4). Suppose -11*l - 432 = -14*l. Calculate the highest common factor of b and l.
18
Let g = -288 + 307. Suppose -k - 944 = -3*k + 2*x, 4*k - 3*x - 1891 = 0. Calculate the greatest common divisor of k and g.
19
Let a(h) = -h**3 - 15*h**2 - 48*h + 39. Let f be a(-10). Suppose 0 = 4*o + 3*s - 450, 4*s - 18 = 3*o - 368. Calculate the greatest common factor of f and o.
19
Let t be (-4 + (-2)/(-4))*4/(-7). Let p be t/2*((2 - 0) + 53). Let k = p - 49. Calculate the highest common factor of k and 48.
6
Suppose 2*h - 2 = -2*p, -3*h + p + 27 = 8. Let q be 20/((-4 - -1) + h). Suppose -13*w = -14*w + q. What is the greatest common divisor of 15 and w?
5
Let r be ((-12 - (-377)/26) + 1*-2)*7930. Calculate the greatest common divisor of 65 and r.
65
Let i be (0 - 6/4)*-40. Suppose j - 5*b = -4*j - 1065, -5*j = b + 1059. Let c = -188 - j. Calculate the highest common factor of c and i.
12
Let v(o) = 5*o**2 + 6*o - 3. Let c be v(5). Let x be (1580/(-158))/((-1)/4 - 1). Calculate the greatest common divisor of x and c.
8
Suppose w + 4*n - 13 + 1 = 0, w + 2*n = 10. Suppose -o - 5*u + w + 38 = 0, 46 = o + 3*u. What is the greatest common divisor of 184 and o?
46
Suppose -44*s + 2027 = -877. What is the greatest common divisor of 968 and s?
22
Let m(w) = -7*w - 8. Let v(z) = -11*z - 13. Let c(y) = -8*m(y) + 5*v(y). Let i be c(18). What is the highest common factor of i and 119?
17
Suppose 51*p - 114649 - 63086 = 0. What is the greatest common factor of 255 and p?
85
Let d be (24*6/(-9))/2. Let n be 1/((-5)/3720*d). What is the highest common factor of 248 and n?
31
Let j = -3521 - -5057. Calculate the highest common factor of j and 6.
6
Let d be 1387 - (8 + (-8 - -5)). Suppose 1377*n = d*n - 90. What is the highest common factor of 828 and n?
18
Let b = 138 - 130. Suppose -87 = -b*w - 23. Calculate the highest common factor of w and 8.
8
Let y(p) = 23*p**2 - 49*p - 240. Let s be y(15). Calculate the highest common factor of s and 980.
140
Let f be 0 - (-1020 - (10 - 5)). Calculate the highest common divisor of f and 41.
41
Let t be (-6)/21 + 1082/14. Let z be (-11 - (-775)/35) + (0 - 8/56). Calculate the highest common divisor of t and z.
11
Suppose 8*j = 71 + 361. Suppose 57*r - j*r = -156. Let t = -24 - r. What is the greatest common divisor of 56 and t?
28
Suppose 0 = 6*p - 18*p + 1380. Suppose -5*c + 2*m + 115 = 0, c - p = -4*c - 5*m. What is the greatest common divisor of 437 and c?
23
Suppose 104 = 4*a - 4*c, 332*c = -5*a + 329*c + 122. Calculate the highest common divisor of 775 and a.
25
Let u be ((-29056)/(-18) - 136/612) + -6. Calculate the highest common divisor of 6 and u.
6
Let z be (-9243)/(-21) + ((-75)/35 - -2). Let b = -155 - -195. What is the greatest common divisor of z and b?
40
Suppose 20805 = 187*n + 6406. What is the greatest common factor of 1287 and n?
11
Let b = -2081 + 2328. What is the highest common factor of 323 and b?
19
Let f = -166 + 178. Let c be -1*(2 - 0) - (-10)/2. What is the greatest common factor of c and f?
3
Let f be (-2 - (-24)/10)/((-51)/(-30855)). Let c = 270 - f. Calculate the highest common factor of 154 and c.
14
Let s(k) = k**2 - 34*k - 1055. Let m be s(54). What is the highest common factor of m and 7775?
25
Let c = 548 - 416. Suppose 5*t = 3*v - c, 3*t = -6*v + 11*v - 220. What is the highest common factor of 242 and v?
22
Let t(q) = -2*q + 68. Suppose -22*d + 315 + 345 = 0. Let s be t(d). What is the highest common factor of s and 44?
4
Let w = 93 - 81. Let m = 7 + w. Calculate the highest common factor of 209 and m.
19
Let x = 311 - 33. Let h = x + -248. What is the greatest common factor of 50 and h?
10
Let t be ((-6)/4)/(-3)*-352. Let k = 70 + t. Let c = -75 - k. Calculate the greatest common factor of 248 and c.
31
Let t = -155 - -125. Let s be (-5)/t - 2*1451/(-12). Calculate the greatest common divisor of s and 22.
22
Suppose 0 = -7*z - 38735 + 52287 + 76650. Calculate the greatest common factor of z and 17.
17
Suppose 0 = -t + 6*t - 50. Let n be ((-192)/(-20))/(3/t). Suppose -6*p + 4*p = 7*p - 36. What is the greatest common divisor of n and p?
4
Let t(f) = 6*f**2 + 9*f - 19. Let u(i) = 7*i**2 + 9*i - 20. Let s(a) = -6*t(a) + 5*u(a). Let z be s(-7). Calculate the highest common factor of z and 70.
14
Let a(s) = 83*s**2 + s. Let v be a(2). Let t = -321 + v. Suppose 0 = -4*c + c + 312. What is the highest common factor of t and c?
13
Let x be 28/16*(-192 + 4). Let b = x - -348. Calculate the highest common factor of b and 171.
19
Let c be (18/(-16))/((-24)/(-32))*(-54704)/24. Calculate the highest common factor of c and 39.
13
Let r(g) = -8*g**2 - 245*g - 96. Let m be r(-30). Calculate the highest common divisor of m and 1674.
54
Let g(x) = 96*x + 50. Let r be g(0). Calculate the greatest common factor of 2575 and r.
25
Suppose 317*z + 118*z = -56*z + 184125. Suppose 5*d + 40 = 5*p - 135, -d = 2*p - 55. Calculate the greatest common divisor of z and p.
15
Let s = -571 + 676. What is the highest common divisor of s and 504?
21
Let r = 1536 + -1032. Calculate the highest common divisor of r and 112.
56
Let k = 6924 - 6564. Suppose -d = -15 - 25. Calculate the greatest common divisor of k and d.
40
Let u = 3595 - 3433. What is the highest common factor of u and 1242?
54
Suppose -25*u = -0*u. Suppose u = 4*p + 3*z - 165 - 240, 3*p - z = 294. What is the greatest common factor of 9 and p?
9
Let r(f) = -26*f + 1330. Let m be r(49). Calculate the highest common factor of 1260 and m.
28
Let f be (-1 - 47)*(-8)/6. Su